{"id":2030,"date":"2025-11-03T20:41:19","date_gmt":"2025-11-03T19:41:19","guid":{"rendered":"https:\/\/drcengproject.com\/?page_id=2030"},"modified":"2025-11-04T00:15:55","modified_gmt":"2025-11-03T23:15:55","slug":"elementor-page-2030","status":"publish","type":"page","link":"https:\/\/drcengproject.com\/index.php\/elementor-page-2030\/","title":{"rendered":""},"content":{"rendered":"\t\t<div data-elementor-type=\"wp-page\" data-elementor-id=\"2030\" class=\"elementor elementor-2030\">\n\t\t\t\t\t\t<section class=\"elementor-section elementor-top-section elementor-element elementor-element-3fc065a elementor-section-boxed elementor-section-height-default elementor-section-height-default\" data-id=\"3fc065a\" data-element_type=\"section\" data-e-type=\"section\">\n\t\t\t\t\t\t<div class=\"elementor-container elementor-column-gap-default\">\n\t\t\t\t\t<div class=\"elementor-column elementor-col-100 elementor-top-column elementor-element elementor-element-6ef8ddf\" data-id=\"6ef8ddf\" data-element_type=\"column\" data-e-type=\"column\">\n\t\t\t<div class=\"elementor-widget-wrap elementor-element-populated\">\n\t\t\t\t\t\t<div class=\"elementor-element elementor-element-b0493c7 elementor-widget elementor-widget-heading\" data-id=\"b0493c7\" data-element_type=\"widget\" data-e-type=\"widget\" data-widget_type=\"heading.default\">\n\t\t\t\t<div class=\"elementor-widget-container\">\n\t\t\t\t\t<h2 class=\"elementor-heading-title elementor-size-default\">revisione sospensioni moto <\/h2>\t\t\t\t<\/div>\n\t\t\t\t<\/div>\n\t\t\t\t\t<\/div>\n\t\t<\/div>\n\t\t\t\t\t<\/div>\n\t\t<\/section>\n\t\t\t\t<section class=\"elementor-section elementor-top-section elementor-element elementor-element-d99ce86 elementor-section-boxed elementor-section-height-default elementor-section-height-default\" data-id=\"d99ce86\" data-element_type=\"section\" data-e-type=\"section\">\n\t\t\t\t\t\t<div class=\"elementor-container elementor-column-gap-default\">\n\t\t\t\t\t<div class=\"elementor-column elementor-col-100 elementor-top-column elementor-element elementor-element-da6e056\" data-id=\"da6e056\" data-element_type=\"column\" data-e-type=\"column\">\n\t\t\t<div class=\"elementor-widget-wrap elementor-element-populated\">\n\t\t\t\t\t\t<div class=\"elementor-element elementor-element-ec565b6 elementor-widget__width-initial elementor-widget elementor-widget-text-editor\" data-id=\"ec565b6\" data-element_type=\"widget\" data-e-type=\"widget\" data-widget_type=\"text-editor.default\">\n\t\t\t\t<div class=\"elementor-widget-container\">\n\t\t\t\t\t\t\t\t\t<p style=\"text-align: left;\">Drc Engineering \u00e8 in grado di intervenire su ogni tipologia di sospensione, l&#8217;esperienza maturata in oltre 10 anni di attivita&#8217; nel settore, ci permette di offrire al cliente una soluzione personalizzata per ogni tipologia di mezzo o guida, quindi qualsiasi sia la vostra moto possiamo darvi il feeling che tanto cercate e mantenerlo tale nel tempo consigliandovi passo passo gli interventi da fare e pianificando le manutenzioni, cosi da rendere unico il legame con essa.<\/p>\n<p>L&#8217;offerta di revisione spazia dalle sospensioni originali fino alle aftermarket, abbiamo modo di intervenire modificando la sospensione in ogni sua parte.<\/p>\n<p>Il nostro Laboratorio non \u00e8 solo attrezzato alla revisione , abbiamo anche modo di ricostruire la componentistica non pi\u00f9 reperibile, questo ci consente di darvi un servizio a 360 gradi- la revisione \u00e8 solo il punto di partenza<\/p>\n<p><span style=\"font-style: inherit; font-weight: inherit;\">Siamo in grado di intervenire anche sulle recenti sospensioni elettroniche, eseguendo il lavoro con attrezzature di costruzione interna, questo per garantirvi il miglior risultato , trovate maggiori informazioni sulle schede dedicate.<\/span><\/p>\n<p><br><\/p>\n<p><\/p>\t\t\t\t\t\t\t\t<\/div>\n\t\t\t\t<\/div>\n\t\t\t\t\t<\/div>\n\t\t<\/div>\n\t\t\t\t\t<\/div>\n\t\t<\/section>\n\t\t\t\t<section class=\"elementor-section elementor-top-section elementor-element elementor-element-fe6cd59 elementor-section-boxed elementor-section-height-default elementor-section-height-default\" data-id=\"fe6cd59\" data-element_type=\"section\" data-e-type=\"section\">\n\t\t\t\t\t\t<div class=\"elementor-container elementor-column-gap-default\">\n\t\t\t\t\t<div class=\"elementor-column elementor-col-100 elementor-top-column elementor-element elementor-element-cd0352b\" data-id=\"cd0352b\" data-element_type=\"column\" data-e-type=\"column\">\n\t\t\t<div class=\"elementor-widget-wrap elementor-element-populated\">\n\t\t\t\t\t\t<div class=\"elementor-element elementor-element-3efa26e elementor-widget elementor-widget-image\" data-id=\"3efa26e\" data-element_type=\"widget\" data-e-type=\"widget\" data-widget_type=\"image.default\">\n\t\t\t\t<div class=\"elementor-widget-container\">\n\t\t\t\t\t\t\t\t\t\t\t\t\t\t\t<img fetchpriority=\"high\" decoding=\"async\" width=\"1024\" height=\"617\" src=\"https:\/\/drcengproject.com\/wp-content\/uploads\/2025\/11\/94707348_1869651676492791_6404232057257459712_n-1024x617.jpg\" class=\"attachment-large size-large wp-image-2044\" alt=\"\" srcset=\"https:\/\/drcengproject.com\/wp-content\/uploads\/2025\/11\/94707348_1869651676492791_6404232057257459712_n-1024x617.jpg 1024w, https:\/\/drcengproject.com\/wp-content\/uploads\/2025\/11\/94707348_1869651676492791_6404232057257459712_n-300x181.jpg 300w, https:\/\/drcengproject.com\/wp-content\/uploads\/2025\/11\/94707348_1869651676492791_6404232057257459712_n-768x463.jpg 768w, https:\/\/drcengproject.com\/wp-content\/uploads\/2025\/11\/94707348_1869651676492791_6404232057257459712_n-1536x925.jpg 1536w, https:\/\/drcengproject.com\/wp-content\/uploads\/2025\/11\/94707348_1869651676492791_6404232057257459712_n-600x361.jpg 600w, https:\/\/drcengproject.com\/wp-content\/uploads\/2025\/11\/94707348_1869651676492791_6404232057257459712_n.jpg 1816w\" sizes=\"(max-width: 1024px) 100vw, 1024px\" \/>\t\t\t\t\t\t\t\t\t\t\t\t\t\t\t<\/div>\n\t\t\t\t<\/div>\n\t\t\t\t\t<\/div>\n\t\t<\/div>\n\t\t\t\t\t<\/div>\n\t\t<\/section>\n\t\t\t\t<section class=\"elementor-section elementor-top-section elementor-element elementor-element-1aada7b elementor-section-boxed elementor-section-height-default elementor-section-height-default\" data-id=\"1aada7b\" data-element_type=\"section\" data-e-type=\"section\">\n\t\t\t\t\t\t<div class=\"elementor-container elementor-column-gap-default\">\n\t\t\t\t\t<div class=\"elementor-column elementor-col-100 elementor-top-column elementor-element elementor-element-4b0c3dc\" data-id=\"4b0c3dc\" data-element_type=\"column\" data-e-type=\"column\">\n\t\t\t<div class=\"elementor-widget-wrap elementor-element-populated\">\n\t\t\t\t\t\t<div class=\"elementor-element elementor-element-94c9966 elementor-widget elementor-widget-image\" data-id=\"94c9966\" data-element_type=\"widget\" data-e-type=\"widget\" data-widget_type=\"image.default\">\n\t\t\t\t<div class=\"elementor-widget-container\">\n\t\t\t\t\t\t\t\t\t\t\t\t\t\t\t<img decoding=\"async\" width=\"768\" height=\"1024\" src=\"https:\/\/drcengproject.com\/wp-content\/uploads\/2025\/11\/60355701_1288540611270570_5690396552653176832_n-768x1024.jpg\" class=\"attachment-large size-large wp-image-2043\" alt=\"\" srcset=\"https:\/\/drcengproject.com\/wp-content\/uploads\/2025\/11\/60355701_1288540611270570_5690396552653176832_n-768x1024.jpg 768w, https:\/\/drcengproject.com\/wp-content\/uploads\/2025\/11\/60355701_1288540611270570_5690396552653176832_n-225x300.jpg 225w, https:\/\/drcengproject.com\/wp-content\/uploads\/2025\/11\/60355701_1288540611270570_5690396552653176832_n-1152x1536.jpg 1152w, https:\/\/drcengproject.com\/wp-content\/uploads\/2025\/11\/60355701_1288540611270570_5690396552653176832_n-600x800.jpg 600w, https:\/\/drcengproject.com\/wp-content\/uploads\/2025\/11\/60355701_1288540611270570_5690396552653176832_n.jpg 1511w\" sizes=\"(max-width: 768px) 100vw, 768px\" \/>\t\t\t\t\t\t\t\t\t\t\t\t\t\t\t<\/div>\n\t\t\t\t<\/div>\n\t\t\t\t\t<\/div>\n\t\t<\/div>\n\t\t\t\t\t<\/div>\n\t\t<\/section>\n\t\t\t\t<section class=\"elementor-section elementor-top-section elementor-element elementor-element-b4838ed elementor-section-boxed elementor-section-height-default elementor-section-height-default\" data-id=\"b4838ed\" data-element_type=\"section\" data-e-type=\"section\">\n\t\t\t\t\t\t<div class=\"elementor-container elementor-column-gap-default\">\n\t\t\t\t\t<div class=\"elementor-column elementor-col-100 elementor-top-column elementor-element elementor-element-4d88245\" data-id=\"4d88245\" data-element_type=\"column\" data-e-type=\"column\">\n\t\t\t<div class=\"elementor-widget-wrap elementor-element-populated\">\n\t\t\t\t\t\t<div class=\"elementor-element elementor-element-e62bd2e elementor-widget elementor-widget-image\" data-id=\"e62bd2e\" data-element_type=\"widget\" data-e-type=\"widget\" data-widget_type=\"image.default\">\n\t\t\t\t<div class=\"elementor-widget-container\">\n\t\t\t\t\t\t\t\t\t\t\t\t\t\t\t<img decoding=\"async\" width=\"526\" height=\"701\" src=\"https:\/\/drcengproject.com\/wp-content\/uploads\/2025\/11\/52596495_1194156220709010_905036913067425792_n.jpg\" class=\"attachment-large size-large wp-image-2042\" alt=\"\" srcset=\"https:\/\/drcengproject.com\/wp-content\/uploads\/2025\/11\/52596495_1194156220709010_905036913067425792_n.jpg 526w, https:\/\/drcengproject.com\/wp-content\/uploads\/2025\/11\/52596495_1194156220709010_905036913067425792_n-225x300.jpg 225w\" sizes=\"(max-width: 526px) 100vw, 526px\" \/>\t\t\t\t\t\t\t\t\t\t\t\t\t\t\t<\/div>\n\t\t\t\t<\/div>\n\t\t\t\t\t<\/div>\n\t\t<\/div>\n\t\t\t\t\t<\/div>\n\t\t<\/section>\n\t\t\t\t<section class=\"elementor-section elementor-top-section elementor-element elementor-element-c969ccc elementor-section-boxed elementor-section-height-default elementor-section-height-default\" data-id=\"c969ccc\" data-element_type=\"section\" data-e-type=\"section\">\n\t\t\t\t\t\t<div class=\"elementor-container elementor-column-gap-default\">\n\t\t\t\t\t<div class=\"elementor-column elementor-col-100 elementor-top-column elementor-element elementor-element-7e7e875\" data-id=\"7e7e875\" data-element_type=\"column\" data-e-type=\"column\">\n\t\t\t<div class=\"elementor-widget-wrap elementor-element-populated\">\n\t\t\t\t\t\t<div class=\"elementor-element elementor-element-770272b elementor-widget elementor-widget-image\" data-id=\"770272b\" data-element_type=\"widget\" data-e-type=\"widget\" data-widget_type=\"image.default\">\n\t\t\t\t<div class=\"elementor-widget-container\">\n\t\t\t\t\t\t\t\t\t\t\t\t\t\t\t<img loading=\"lazy\" decoding=\"async\" width=\"768\" height=\"1024\" src=\"https:\/\/drcengproject.com\/wp-content\/uploads\/2025\/10\/WhatsApp-Image-2025-10-28-at-20.02.50-1-768x1024.jpeg\" class=\"attachment-large size-large wp-image-1951\" alt=\"\" srcset=\"https:\/\/drcengproject.com\/wp-content\/uploads\/2025\/10\/WhatsApp-Image-2025-10-28-at-20.02.50-1-768x1024.jpeg 768w, https:\/\/drcengproject.com\/wp-content\/uploads\/2025\/10\/WhatsApp-Image-2025-10-28-at-20.02.50-1-225x300.jpeg 225w, https:\/\/drcengproject.com\/wp-content\/uploads\/2025\/10\/WhatsApp-Image-2025-10-28-at-20.02.50-1-1152x1536.jpeg 1152w, https:\/\/drcengproject.com\/wp-content\/uploads\/2025\/10\/WhatsApp-Image-2025-10-28-at-20.02.50-1-600x800.jpeg 600w, https:\/\/drcengproject.com\/wp-content\/uploads\/2025\/10\/WhatsApp-Image-2025-10-28-at-20.02.50-1.jpeg 1200w\" sizes=\"(max-width: 768px) 100vw, 768px\" \/>\t\t\t\t\t\t\t\t\t\t\t\t\t\t\t<\/div>\n\t\t\t\t<\/div>\n\t\t\t\t\t<\/div>\n\t\t<\/div>\n\t\t\t\t\t<\/div>\n\t\t<\/section>\n\t\t\t\t<\/div>\n\t\t","protected":false},"excerpt":{"rendered":"<p>revisione sospensioni moto Drc Engineering \u00e8 in grado di intervenire su ogni tipologia di sospensione, l&#8217;esperienza maturata in oltre 10 anni di attivita&#8217; nel settore, ci permette di offrire al cliente una soluzione personalizzata per ogni tipologia di mezzo o guida, quindi qualsiasi sia la vostra moto possiamo darvi il feeling che tanto cercate e [&hellip;]<\/p>\n","protected":false},"author":1,"featured_media":0,"parent":0,"menu_order":0,"comment_status":"closed","ping_status":"closed","template":"","meta":{"site-sidebar-layout":"no-sidebar","site-content-layout":"page-builder","ast-site-content-layout":"full-width-container","site-content-style":"unboxed","site-sidebar-style":"unboxed","ast-global-header-display":"","ast-banner-title-visibility":"","ast-main-header-display":"","ast-hfb-above-header-display":"","ast-hfb-below-header-display":"","ast-hfb-mobile-header-display":"","site-post-title":"","ast-breadcrumbs-content":"","ast-featured-img":"disabled","footer-sml-layout":"","ast-disable-related-posts":"","theme-transparent-header-meta":"","adv-header-id-meta":"","stick-header-meta":"","header-above-stick-meta":"","header-main-stick-meta":"","header-below-stick-meta":"","astra-migrate-meta-layouts":"set","ast-page-background-enabled":"default","ast-page-background-meta":{"desktop":{"background-color":"","background-image":"","background-repeat":"repeat","background-position":"center center","background-size":"auto","background-attachment":"scroll","background-type":"","background-media":"","overlay-type":"","overlay-color":"","overlay-opacity":"","overlay-gradient":""},"tablet":{"background-color":"","background-image":"","background-repeat":"repeat","background-position":"center center","background-size":"auto","background-attachment":"scroll","background-type":"","background-media":"","overlay-type":"","overlay-color":"","overlay-opacity":"","overlay-gradient":""},"mobile":{"background-color":"","background-image":"","background-repeat":"repeat","background-position":"center center","background-size":"auto","background-attachment":"scroll","background-type":"","background-media":"","overlay-type":"","overlay-color":"","overlay-opacity":"","overlay-gradient":""}},"ast-content-background-meta":{"desktop":{"background-color":"var(--ast-global-color-5)","background-image":"","background-repeat":"repeat","background-position":"center center","background-size":"auto","background-attachment":"scroll","background-type":"","background-media":"","overlay-type":"","overlay-color":"","overlay-opacity":"","overlay-gradient":""},"tablet":{"background-color":"var(--ast-global-color-5)","background-image":"","background-repeat":"repeat","background-position":"center center","background-size":"auto","background-attachment":"scroll","background-type":"","background-media":"","overlay-type":"","overlay-color":"","overlay-opacity":"","overlay-gradient":""},"mobile":{"background-color":"var(--ast-global-color-5)","background-image":"","background-repeat":"repeat","background-position":"center center","background-size":"auto","background-attachment":"scroll","background-type":"","background-media":"","overlay-type":"","overlay-color":"","overlay-opacity":"","overlay-gradient":""}},"footnotes":""},"class_list":["post-2030","page","type-page","status-publish","hentry"],"_links":{"self":[{"href":"https:\/\/drcengproject.com\/index.php\/wp-json\/wp\/v2\/pages\/2030","targetHints":{"allow":["GET"]}}],"collection":[{"href":"https:\/\/drcengproject.com\/index.php\/wp-json\/wp\/v2\/pages"}],"about":[{"href":"https:\/\/drcengproject.com\/index.php\/wp-json\/wp\/v2\/types\/page"}],"author":[{"embeddable":true,"href":"https:\/\/drcengproject.com\/index.php\/wp-json\/wp\/v2\/users\/1"}],"replies":[{"embeddable":true,"href":"https:\/\/drcengproject.com\/index.php\/wp-json\/wp\/v2\/comments?post=2030"}],"version-history":[{"count":18,"href":"https:\/\/drcengproject.com\/index.php\/wp-json\/wp\/v2\/pages\/2030\/revisions"}],"predecessor-version":[{"id":2071,"href":"https:\/\/drcengproject.com\/index.php\/wp-json\/wp\/v2\/pages\/2030\/revisions\/2071"}],"wp:attachment":[{"href":"https:\/\/drcengproject.com\/index.php\/wp-json\/wp\/v2\/media?parent=2030"}],"curies":[{"name":"wp","href":"https:\/\/api.w.org\/{rel}","templated":true}]}}